044162 (base 7) to base 2
-11111011011001110
Convert -1565233 (base 7) to base 12.
-a6147
Convert -60095 (base 15) to base 13.
-a8422
-173979 (base 11) to base 4
-1001212202
What is -377571 (base 9) in base 5?
-24304041
-504050 (base 6) to base 15
-bbb9
What is -297a343 (base 11) in base 6?
-301255444
Convert 2322032023 (base 4) to base 2.
10111010001110001011
What is 52a50 (base 16) in base 4?
1102221100
Convert -eb8a (base 15) to base 3.
-2112101111
-1000011011011110010110 (base 2) to base 9
-4137106
Convert -2212122213 (base 4) to base 11.
-426142
-12909 (base 11) to base 8
-43741
4a4633 (base 15) to base 2
1101100100110011111000
-127567 (base 9) to base 15
-1807a
10b43 (base 13) to base 10
30475
Convert 2100210020112 (base 3) to base 5.
310134024
-56121663 (base 7) to base 16
-49f14c
Convert 49c5bc (base 15) to base 16.
35f04f
511003 (base 6) to base 2
1001110111001011
Convert -795219 (base 13) to base 6.
-141243113
What is -1c7316 (base 16) in base 12?
-75ab86
279ab (base 15) to base 11
87510
What is -105366 (base 13) in base 15?
-78699
-100100111001111110 (base 2) to base 3
-21200100202
Convert 2233441211 (base 5) to base 8.
23006173
-11350cc (base 13) to base 7
-63002065
Convert 2365748 (base 9) to base 6.
43302455
-5467172 (base 8) to base 9
-2680505
Convert 1564b1 (base 12) to base 3.
200110202021
1970a7 (base 13) to base 5
131100413
9c2ee7 (base 16) to base 11
58611a2
1134a3 (base 12) to base 11
178a50
-444404 (base 7) to base 5
-10002104
Convert -3159c6 (base 16) to base 11.
-1909a34
-107402 (base 9) to base 5
-4030403
-4262274 (base 10) to base 16
-410982
What is -5540583 (base 11) in base 13?
-202536a
What is -203202120 (base 4) in base 3?
-21101200010
What is -40393 (base 10) in base 13?
-15502
4c91c (base 13) to base 9
235888
-1101111111111011001001 (base 2) to base 4
-31333323021
-21234330 (base 5) to base 4
-230011232
Convert 2032005 (base 6) to base 12.
48605
What is -2010220110001 (base 3) in base 15?
-177a87
-10010000100011110000 (base 2) to base 9
-1102202
-21020405 (base 7) to base 5
-423112423
132330 (base 10) to base 7
1060542
What is 295934 (base 13) in base 9?
1812408
What is 18d1a6 (base 14) in base 9?
1582653
-11221222300 (base 4) to base 3
-2210021002101
83401 (base 16) to base 14
ddcc1
What is -1b2ee7 (base 15) in base 6?
-44232331
What is -1236215 (base 8) in base 14?
-8d0cd
What is -c5515 (base 16) in base 10?
-808213
Convert 715a5 (base 13) to base 3.
101022121101
3312210311 (base 4) to base 2
11110110100100110101
Convert 210048 (base 9) to base 11.
85767
-a4106 (base 12) to base 2
-110100010110010110
What is -111011111010101110 (base 2) in base 9?
-413581
What is 1332020031 (base 4) in base 16?
7e20d
263768 (base 9) to base 4
213020120
Convert 110121212012 (base 3) to base 10.
248486
What is 4404130 (base 6) in base 3?
102002221000
Convert -560501 (base 7) to base 13.
-35bc4
What is -14ca40 (base 13) in base 9?
-862524
1122302221 (base 4) to base 5
43400011
-687535 (base 11) to base 7
-12202511
What is -1340446 (base 7) in base 10?
-177904
Convert 41233 (base 8) to base 14.
62dd
-5310868 (base 9) to base 7
-33103421
Convert -455370 (base 14) to base 13.
-64724b
-2271a3 (base 13) to base 4
-3013010131
-15120356 (base 7) to base 4
-11131333301
What is -101370 (base 8) in base 2?
-1000001011111000
What is 382263 (base 11) in base 16?
93476
What is -2558861 (base 9) in base 7?
-14610151
-301313030130 (base 4) to base 5
-11321234012
What is -490461 (base 11) in base 15?
-105134
104748 (base 9) to base 7
350303
Convert -557032 (base 8) to base 5.
-22003210
-40024623 (base 7) to base 10
-3300657
What is 51453141 (base 6) in base 12?
5b71b1
1bab38 (base 14) to base 9
1768071
Convert -9a331 (base 16) to base 15.
-c721b
What is 5ad4c4 (base 15) in base 11?
24aa864
What is -1577c70 (base 13) in base 6?
-403523403
What is 5273794 (base 10) in base 9?
10827251
What is 49ea78 (base 16) in base 11?
2809535
What is 3136240 (base 10) in base 16?
2fdaf0
-111011101111000100 (base 2) to base 6
-5124432
1100110010111100101 (base 2) to base 14
acb41
Convert 824943 (base 10) to base 2.
11001001011001101111
123730 (base 11) to base 9
326685
Convert 40547e (base 16) to base 15.
584274
What is -155221 (base 11) in base 12?
-b76a0
Convert 155401504 (base 6) to base 4.
30300123100
Convert -19590 (base 10) to base 12.
-b406
What is -1005810 (base 9) in base 11?
-33656a
Convert 13231330022 (base 4) to base 7.
23124323
-11100101111011100010010 (base 2) to base 16
-72f712
-1b45c8 (base 13) to base 9
-1268642
1154625 (base 7) to base 2
100100001010110010
What is -14133304 (base 9) in base 10?
-6989899
1101223001 (base 4) to base 15
691be
225631 (base 9) to base 6
2522431
What is -276872 (base 10) in base 5?
-32324442
Convert 102230323333 (base 4) to base 16.
4aceff
What is -1023306 (base 8) in base 12?
-111546
-17161 (base 13) to base 5
-2403223
-303000442 (base 5) to base 9
-2256872
What is 29202 (base 13) in base 11?
53034
Convert -108056b (base 13) to base 6.
-300212251
-487bc5 (base 14) to base 4
-21131200201
What is -12301034 (base 5) in base 16?
-1d06e
What is 5a847 (base 11) in base 10?
87534
Convert 100112021021100 (base 3) to base 14.
95b5c4
What is 11111221 (base 7) in base 14?
1b0248
Convert -111111021212020 (base 3) to base 5.
-3313422332
What is 1133010 (base 6) in base 10?
58974
113484b (base 12) to base 11
195822a
33210122111 (base 4) to base 11
2338384
55d051 (base 15) to base 3
21200222211211
Convert 33463 (base 9) to base 11.
15799
What is -40809 (base 11) in base 15?
-12996
Convert -10111000011101101001111 (base 2) to base 16.
-5c3b4f
139557 (base 11) to base 9
361460
-735ad (base 16) to base 2
-1110011010110101101
What is -100110111101110101 (base 2) in base 3?
-22002221022
What is -e0b8c (base 15) in base 12?
-2a37b9
What is -50530 (base 13) in base 2?
-100011000101001001
6345041 (base 7) to base 16
bb6af
What is 145617 (base 14) in base 15?
de48a
12210111022200 (base 3) to base 6
150004243
Convert 357705 (base 9) to base 3.
101221210012
What is 26594 (base 16) in base 13?
5665a
Convert -2866248 (base 9) to base 16.
-1818d4
Convert -1e537 (base 16) to base 3.
-20022101120
What is 17181 (base 13) in base 10?
44214
Convert 1751956 (base 10) to base 11.
a972a8
What is -1000000010101100011 (base 2) in base 8?
-1002543
Convert -989142 (base 11) to base 15.
-212b8d
Convert -6fe8a (base 16) to base 9.
-767688
Convert -403100031 (base 6) to base 5.
-3224204402
What is -274765 (base 9) in base 12?
-80b7b
Convert -212213110 (base 4) to base 10.
-158164
What is dab8e (base 15) in base 8?
2514324
What is 202c72 (base 14) in base 13?
2bc29c
-214304201 (base 5) to base 10
-931801
What is 11222021220 (base 3) in base 8?
277153
What is 1776d2 (base 14) in base 6?
25422040
Convert 1703002 (base 11) to base 15.
3c51c8
Convert 7e0b3 (base 16) to base 15.
a2e85
-2151015 (base 7) to base 8
-1004421
8494981 (base 10) to base 15
b2c071
Convert -111102211001 (base 3) to base 7.
-2151055
What is 26451323 (base 7) in base 5?
1110321340
Convert -199d9 (base 15) to base 2.
-10100010100011101
Convert 301424325 (base 6) to base 7.
61343444
16826 (base 11) to base 10
23623
What is -21120002012101 (base 3) in base 5?
-2012020220
Convert -207256 (base 9) to base 8.
-361026
What is -12628 (base 11) in base 2?
-100011010001011
55566004 (base 7) to base 12
1739627
What is -1cb0c (base 13) in base 12?
-28a50
Convert -9abb1a (base 13) to base 4.
-31323322300
5643123 (base 7) to base 4
2222312022
What is 20592 (base 13) in base 2?
1110001011100110
What is 393d (base 16) in base 10?
14653
Convert 1133512 (base 6) to base 2.
1110011100010100
What is -455534 (base 6) in base 13?
-148c9
Convert 2156126 (base 11) to base 6.
213045305
Convert 43450252 (base 6) to base 16.
13cbf8
Convert 11636072 (base 8) to base 12.
a4004a
Convert -111110011011101100 (base 2) to base 3.
-110222210021
Convert -40211124 (base 5) to base 12.
-134b03
-1330003211 (base 4) to base 8
-1740345
-132131013 (base 4) to base 9
-210103
What is -285081 (base 10) in base 8?
-1054631
-1202101121 (base 3) to base 10
-34549
1437030 (base 9) to base 12
322716
-2b2718 (base 13) to base 8
-4032723
Convert 10425021 (base 6) to base 12.
132171
-255400401 (base 6) to base 11
-2921205
3665de (base 15) 